. Let n be (-1)/r - 10/(-4). Suppose n*z - s = -0*s - 14, -s - 16 = 4*z. Give m(z).
-5
Let p(g) = -g - 7 - 217*g**2 + g**3 + 2*g + 218*g**2. Calculate p(0).
-7
Let s(m) = 11*m**3 - m**2 + 1. Let c(k) be the third derivative of -k**6/120 + k**5/60 + k**4/24 + 5*k**2. Let d be c(1). Give s(d).
11
Suppose -2 + 10 = 4*o. Let c(q) = -1 - 2*q**o - 4*q + q**2 - 5. Calculate c(-4).
-6
Let x(f) = -f**2 - 3*f - 3. Let k be 8/(-2)*-1*6. Suppose 3 - k = -3*c. Let o(m) = m**3 - 6*m**2 - 7*m - 2. Let y be o(c). Give x(y).
-1
Let z(v) be the third derivative of 6*v**2 + 0 + 1/24*v**4 + 0*v + 1/3*v**3. Calculate z(2).
4
Let a(q) = -4*q + 4. Let u = 120 - 117. What is a(u)?
-8
Let o(f) be the first derivative of f**6/360 - f**5/60 + f**4/24 + 2*f**3 + 2. Let d(m) be the third derivative of o(m). What is d(4)?
9
Suppose -18 = -3*g - 6. Suppose 8 + 42 = g*z - 3*c, 2*z - 20 = -c. Let o = -7 + z. Let a(u) = u - 2. Give a(o).
2
Suppose 0 = 4*r - 9 - 11. Let l(o) = -o + 6. What is l(r)?
1
Let p be (6/(-12)*2)/(2/10). Let f(u) = -2 + 4*u**2 + 5*u - u**2 - 2*u**2. Determine f(p).
-2
Let c be 16/(-24) - 2/(-3). Let x(p) = p. Let s(f) = f**2 - 6*f - 10. Let b(r) = -s(r) - 6*x(r). Give b(c).
10
Suppose 2*x + 2*b + 3 = -3, x + 3*b + 9 = 0. Let s = x - -3. Let c(g) = -s*g**3 + 3*g + 2*g**3 - 3 + 5*g**2 - 4*g**2. Give c(2).
-1
Let l(p) = -4*p + 3. Let u = 102 - 107. Determine l(u).
23
Let y be (-27)/(-2) + (-4)/8. Suppose -2*a - 8 = -b - 0*a, y = b - 3*a. Let u(z) = 2*z - 2. What is u(b)?
-6
Let f = -9 + 11. Let z(y) = -5*y**2 - 10*y**f + 6 + 5*y + 14*y**2. What is z(6)?
0
Let k be 2/(-8) + (-21)/(-4). Let r(j) = j**3 - 5*j**2 - j + 3. Let d be r(k). Let m(s) = s + 4. Let l(g) = 1. Let a(y) = 4*l(y) - m(y). Calculate a(d).
2
Let z(d) = d**2 - 3*d - 3. Suppose -3*b - 2*u + 32 = 0, 0 = 3*b + 3*u + 2*u - 44. Suppose -4*s + 5 = -3*i, 0 = -2*i - b*s + 3*s + 35. Determine z(i).
7
Let v(m) = m**2 - 3*m - 2. Let l(x) = -2*x**2 + x + 1. Let p be l(4). Let z be ((-2)/(-6))/((-3)/p). Calculate v(z).
-2
Let i(d) = -d**3 + 2*d**2 - 2*d. Let o be ((-2)/5)/((-2)/60). Let y = 17 - o. Let a be (6/(-15))/((-1)/y). Calculate i(a).
-4
Let i be -3*(-3)/(6/2). Let q = -3 + i. Suppose -2*k - 2 + 12 = q. Let j(o) = -o - 5. What is j(k)?
-10
Let r(k) be the third derivative of k**9/60480 - k**8/3360 - k**6/720 - k**5/15 - 5*k**2. Let a(u) be the third derivative of r(u). Determine a(6).
-1
Let i(w) = -w**3 - 3*w**2 - 2. Suppose 2*a + 18 = -4*s + 4, -3*s + 6 = -4*a. Give i(a).
-2
Let a(k) = -k - 9. Let s be ((-1)/2)/((-2)/(-16)). What is a(s)?
-5
Let h(w) = -w**2 - 2. Let y be -1*((-2)/(-4 + 5))/1. What is h(y)?
-6
Let d = 1 - 1. Suppose -8*k + b = -3*k - 20, 2*b = d. Let o(u) = -3*u - 1 + 4*u**2 - u**2 - 2*u**2. Calculate o(k).
3
Let b = 1 + 3. Let o(c) = -12 + c**2 + 12 - b*c + c**3. What is o(-3)?
-6
Let y = -4 + 9. Let v(o) be the third derivative of 1/10*o**5 + 0 + 0*o - o**2 - 1/4*o**4 - 1/120*o**6 + o**3. Determine v(y).
1
Let p(d) = -d. Let i(k) = 7*k**2 - 21*k. Let r(j) = 2*i(j) - 42*p(j). Determine r(1).
14
Let o = 1 - -1. Let b be -8 + 1*(o + 1). Let c(g) be the first derivative of -g**3/3 - 3*g**2 + g - 2. Calculate c(b).
6
Let b(w) = w + 1. Let p(j) = -4*j + 3. Let n be p(2). Let r = n - -10. Let x = r + -9. Determine b(x).
-3
Let l = 2 - 3. Let i(r) be the second derivative of r**5/30 + r**3/6 - r**2 + r. Let p(t) be the first derivative of i(t). What is p(l)?
3
Suppose 3*c + 5*r + 7 = 0, -5*c + 2*r = -0*r - 9. Let d(v) = 7*v. Give d(c).
7
Let m(w) = 0*w + 0*w - 4 + w. Determine m(4).
0
Let d(c) = -31 - 2*c + 32 + 0*c + 3*c. Calculate d(4).
5
Let b = -15 + 17. Let l(m) = 3*m - b - 11*m + 7*m. Calculate l(-4).
2
Let q be 45*-2*(-3)/18. Suppose -q - 1 = 4*z. Let x(h) = 2*h + 4. What is x(z)?
-4
Let h(y) be the first derivative of y**4/4 + 5*y**3/3 - 3*y**2 + 8*y - 4. Give h(-6).
8
Let c be 6/(-9) - (-4)/6. Suppose -r + 6 = x, -x + c*x = -2*r. Let l(h) = -h - h**r + 0*h**2 - 2*h + 5. Give l(-4).
1
Suppose -7*b = -3*b + 8. Let o(v) be the third derivative of v**6/60 + v**5/15 + v**4/12 - v**3/3 - v**2. Determine o(b).
-6
Let x(g) = 1 + 3 + 5*g + 0 + g**2. Let h = -20 - -10. Let d = h - -7. What is x(d)?
-2
Let b be -2 + 1 + (3 - -1). Let n be ((-4)/b)/(6/(-9)). Let z(v) = 4 + 0*v + n*v + v - v. Determine z(-4).
-4
Let l be (8 - 2)*(-4)/4. Let q(g) = -g**2 - 6*g - 6. Determine q(l).
-6
Let a be ((-26)/(-10))/((-1)/(-5)). Let q = a + -7. Let p(d) = d**3 - 7*d**2 + 7*d - 6. Determine p(q).
0
Let q(j) = j**2 - 5*j - 3. Let o be q(6). Let s(w) = w + 5. Let l(v) = -1. Let t(z) = 4*l(z) + s(z). Determine t(o).
4
Let m(j) = 4*j**2 + 4*j - 4. Let w(r) = r**2 + r - 1. Let g be 4/(-10) - 8/5. Let s(t) = g*m(t) + 9*w(t). Suppose c + 2*c = 0. Calculate s(c).
-1
Let s(l) be the first derivative of 2/3*l**3 - 1 + 2*l - l**2. Suppose 4*x + 5*i = 33, 0 = -3*x + 2*i + 1 - 5. Calculate s(x).
6
Let t(o) = 0*o**2 - 5*o**2 - 5*o**3 + 6*o - o + 4*o**3 - 8. Let f be (18/8)/(12/(-32)). Determine t(f).
-2
Let u(v) = -v + 3*v - 2117 + 0*v + v**2 + 2115. Give u(3).
13
Let w(m) be the third derivative of m**5/30 + m**3/6 - 9*m**2. Determine w(-3).
19
Let z(i) = i - 5. Let c be 9/(-2) - (-4)/(3 - -5). Determine z(c).
-9
Let k(x) = 2 - 5 + 2. Let v(s) = -11*s + 2. Let b(p) = -2*k(p) - v(p). Suppose -5*y - 2*d = 1, 4 = 5*y - 2*d - 7. Give b(y).
11
Suppose -4*j = -21 + 9. Let q(o) be the second derivative of -o**2 - j*o + 0 - 1/12*o**4 - 2/3*o**3. Determine q(-5).
-7
Suppose 0 = -d - 4*d + 15. Suppose d*v - 3*t = -2 + 8, -5*v + 14 = -t. Let f(l) = -3*l**v + l**3 - 4*l**3. What is f(1)?
-6
Let y(v) = 3*v**2 - 7*v - 11. Let z(a) = 5*a**2 - 10*a - 16. Let m(p) = 8*y(p) - 5*z(p). Calculate m(-7).
-15
Let z(l) = -l**2 + 4*l + 1. Suppose 4*v + 1 = 9. What is z(v)?
5
Let f(a) be the second derivative of -a**8/3360 - a**7/840 - a**6/360 + a**5/120 + a**4/3 - a. Let q(b) be the third derivative of f(b). Determine q(-2).
9
Let b = -4 + 4. Suppose 3*l - 12 = -b. Let t(g) = -4 + 2 + g - 6 - l. What is t(5)?
-7
Let z(i) be the first derivative of -i**7/840 - i**6/120 + i**5/40 + i**4/8 + 2*i**3/3 - 3. Let w(f) be the third derivative of z(f). Give w(-3).
-6
Let f(i) = -i**2 + 7*i + 8. Let w(t) = -t**2 + 6*t + 7. Let n(o) = 5*f(o) - 6*w(o). Let d = 13 + -9. What is n(d)?
10
Suppose -3*u - n = n - 16, -4*n + 26 = 3*u. Let v(z) = z**3 - 4*z**2 + 3*z - 1. Let t be v(u). Let s(y) = -y - 2. Determine s(t).
1
Let i be 0/((-2*3)/2). Let c(j) = -4*j + i + 4*j + j - 2. Let w(h) = h**2 - 3*h - 6. Let q be w(5). Determine c(q).
2
Let s be (3 + 1 - 6) + (-3)/3. Let a(l) = l**2 + 3*l. Give a(s).
0
Let h(g) = 2*g**3 + 2*g**2 - g. Let a(t) = -13*t - 22. Let p(v) = 4*v + 7. Let z(x) = -2*a(x) - 7*p(x). Let d be z(-3). What is h(d)?
3
Suppose -11*s + 9*s + 6 = 2*h, 6 = s + 2*h. Let x(a) = a + 3. What is x(s)?
3
Suppose 0*a = -a. Let h(y) = a + y - y**2 + 6 + 3. Let k be 4/2 + (-2 - 0). Calculate h(k).
9
Let v(p) = -p**2 + 7*p - 4. Let g be v(6). Suppose -g*i = 6 - 0. Let o(l) = l + 4. What is o(i)?
1
Suppose -1 - 5 = 3*q, -4*q = 2*r + 12. Let w(g) = g**3 + g**2 - 3*g - 2. Calculate w(r).
0
Let w(b) be the first derivative of -1/3*b**3 + 1/2*b**2 + 0*b - 5. What is w(2)?
-2
Suppose 1 + 5 = -s. Let f be 9 + s/((-4)/(-2)). Let m = -6 + f. Let n(b) = -b. Determine n(m).
0
Let m = -21 + 19. Let q(a) = 7*a**3 + 2*a**2 - a + 4. Let p(j) = 13*j**3 + 4*j**2 - 2*j + 7. Let t(f) = -6*p(f) + 11*q(f). What is t(m)?
0
Let b(s) = -s**2 + 2*s + 4*s**2 - 2*s**2. Suppose 0 = i - 2*t + 13, -i = -6*i - 3*t. Let a = i + 2. Determine b(a).
-1
Suppose v + 42 = -3*k - 0*v, 3*k = -4*v - 42. Let b(r) = r**3 + 13*r**2 - 15*r - 10. Determine b(k).
4
Let i(v) = v - 1. Let x(m) = -m**2 + 5*m - 4. Let l(t) = -4*i(t) + x(t). Let n(d) = d**2 + 7*d + 3. Let q(b) = l(b) - n(b). What is q(-4)?
-11
Let v(r) = -7*r. Let b = -5 + 6. Suppose b = g - 0. Calculate v(g).
-7
Let k be 1 - 1 - (21/14 + -2). Let x(g) be the second derivative of -k*g**2 + 3*g - 2/3*g**3 + 0. Give x(-2).
7
Let r(l) = l - 1. Let v be r(6). Let h(u) = u**3 - 5*u**2 - u. Calculate h(v).
-5
Let y(z) = -6*z**2 + 17*z**3 + 2*z**2 - z - 14*z**3 + 2*z**2. Determine y(-1).
-4
Let l(x) = x + 1. Let b be 214/8 + 5/20. Suppose -3*v + 6 = 0, -v = 5*d - 2*v + b. Give l(d).
-4
Suppose -4*w + 10 + 1 = -3*q, -w + 2*q = -4. Let n